{"id":127,"date":"2018-07-30T19:23:08","date_gmt":"2018-07-30T17:23:08","guid":{"rendered":"http:\/\/www.uqac.ca\/crl\/?page_id=127"},"modified":"2019-11-21T04:05:21","modified_gmt":"2019-11-21T03:05:21","slug":"etape-5","status":"publish","type":"page","link":"https:\/\/crl.recherche.usherbrooke.ca\/index.php\/etape-5\/","title":{"rendered":"\u00c9tape 5"},"content":{"rendered":"<h1>Dialogue collaboratif sur les relations s\u00e9mantiques<\/h1>\n<p><iframe loading=\"lazy\" title=\"Dialogue collaboratif\" src=\"https:\/\/player.vimeo.com\/video\/285844980?dnt=1&amp;app_id=122963\" width=\"474\" height=\"267\" frameborder=\"0\" allow=\"autoplay; fullscreen; picture-in-picture; clipboard-write; encrypted-media\"><\/iframe><\/p>\n<h2>R\u00e9sum\u00e9 de l\u2019\u00e9tape<\/h2>\n<p>En \u00e9quipe de deux ou trois, les \u00e9l\u00e8ves confrontent leurs perceptions avec l\u2019appui de l\u2019arbre de d\u00e9cisions lexicales. L\u2019entraide et la coconstruction des connaissances lexicales sont au c\u0153ur de cette \u00e9tape de la communaut\u00e9 de recherche lexicale. Ce moment sert aux \u00e9l\u00e8ves \u00e0 verbaliser les strat\u00e9gies lexicales pour expliquer les relations s\u00e9mantiques \u00e0 leurs co\u00e9quipiers et pour r\u00e9pondre aux interrogations de leurs pairs. Le dialogue permet aux \u00e9l\u00e8ves de comparer, n\u00e9gocier et co-construire leurs connaissances sur le sens des mots. Durant la pratique r\u00e9flexive, l\u2019enseignante am\u00e8ne les \u00e9l\u00e8ves \u00e0 verbaliser ce qu\u2019ils ont appris; les difficult\u00e9s qu\u2019ils ont \u00e9prouv\u00e9es; les strat\u00e9gies qu\u2019ils ont utilis\u00e9es, etc. Cette \u00e9tape peut se terminer par un \u00e9change avec toute la classe lorsque certaines ambig\u00fcit\u00e9s persistent.<\/p>\n<hr \/>\n<h3>Mat\u00e9riel pour les \u00e9l\u00e8ves<\/h3>\n<p><a href=\"https:\/\/crl.recherche.usherbrooke.ca\/wp-content\/uploads\/2019\/02\/Arbre.de_.decisionV2_corrige.cc.jpg\" target=\"_blank\" rel=\"noopener\">Arbre de d\u00e9cisions lexicales (JPG)<\/a><\/p>\n<blockquote><p>&nbsp;<\/p><\/blockquote>\n","protected":false},"excerpt":{"rendered":"<p>Dialogue collaboratif sur les relations s\u00e9mantiques R\u00e9sum\u00e9 de l\u2019\u00e9tape En \u00e9quipe de deux ou trois, les \u00e9l\u00e8ves confrontent leurs perceptions avec l\u2019appui de l\u2019arbre de d\u00e9cisions lexicales. L\u2019entraide et la coconstruction des connaissances lexicales sont au c\u0153ur de cette \u00e9tape de la communaut\u00e9 de recherche lexicale. Ce moment sert aux \u00e9l\u00e8ves \u00e0 verbaliser les strat\u00e9gies &hellip; <a href=\"https:\/\/crl.recherche.usherbrooke.ca\/index.php\/etape-5\/\" class=\"more-link\">Continuer la lecture de <span class=\"screen-reader-text\">\u00c9tape 5<\/span>  <span class=\"meta-nav\">&rarr;<\/span><\/a><\/p>\n","protected":false},"author":2,"featured_media":0,"parent":0,"menu_order":0,"comment_status":"closed","ping_status":"closed","template":"","meta":{"footnotes":""},"class_list":["post-127","page","type-page","status-publish","hentry"],"_links":{"self":[{"href":"https:\/\/crl.recherche.usherbrooke.ca\/index.php\/wp-json\/wp\/v2\/pages\/127","targetHints":{"allow":["GET"]}}],"collection":[{"href":"https:\/\/crl.recherche.usherbrooke.ca\/index.php\/wp-json\/wp\/v2\/pages"}],"about":[{"href":"https:\/\/crl.recherche.usherbrooke.ca\/index.php\/wp-json\/wp\/v2\/types\/page"}],"author":[{"embeddable":true,"href":"https:\/\/crl.recherche.usherbrooke.ca\/index.php\/wp-json\/wp\/v2\/users\/2"}],"replies":[{"embeddable":true,"href":"https:\/\/crl.recherche.usherbrooke.ca\/index.php\/wp-json\/wp\/v2\/comments?post=127"}],"version-history":[{"count":10,"href":"https:\/\/crl.recherche.usherbrooke.ca\/index.php\/wp-json\/wp\/v2\/pages\/127\/revisions"}],"predecessor-version":[{"id":283,"href":"https:\/\/crl.recherche.usherbrooke.ca\/index.php\/wp-json\/wp\/v2\/pages\/127\/revisions\/283"}],"wp:attachment":[{"href":"https:\/\/crl.recherche.usherbrooke.ca\/index.php\/wp-json\/wp\/v2\/media?parent=127"}],"curies":[{"name":"wp","href":"https:\/\/api.w.org\/{rel}","templated":true}]}}