{"id":122,"date":"2018-07-30T19:11:29","date_gmt":"2018-07-30T17:11:29","guid":{"rendered":"http:\/\/www.uqac.ca\/crl\/?page_id=122"},"modified":"2019-11-21T04:04:45","modified_gmt":"2019-11-21T03:04:45","slug":"etape-4","status":"publish","type":"page","link":"https:\/\/crl.recherche.usherbrooke.ca\/index.php\/etape-4\/","title":{"rendered":"\u00c9tape 4"},"content":{"rendered":"<h1>R\u00e9alisation de la carte lexicale heuristique<\/h1>\n<p><iframe loading=\"lazy\" title=\"R\u00e9alisation de la carte lexicale heuristique\" src=\"https:\/\/player.vimeo.com\/video\/285843966?dnt=1&amp;app_id=122963\" width=\"474\" height=\"267\" frameborder=\"0\" allow=\"autoplay; fullscreen; picture-in-picture; clipboard-write; encrypted-media\"><\/iframe><\/p>\n<h2>R\u00e9sum\u00e9 de l\u2019\u00e9tape<\/h2>\n<p>Les \u00e9l\u00e8ves reprennent leur carte d\u2019observateur utilis\u00e9e lors de la discussion lexicale (\u00e9tape 1). Ils tentent de cat\u00e9goriser les mots not\u00e9s selon les quatre diff\u00e9rentes relations s\u00e9mantiques (mots th\u00e9matiques, mots de la m\u00eame famille, synonymes ou antonymes) sur la carte lexicale heuristique. La carte lexicale heuristique peut \u00eatre compl\u00e9t\u00e9e sur le papier ou au moyen d\u2019une application vid\u00e9o de capture d\u2019\u00e9cran sur tablette tactile. Les deux supports des cartes lexicales heuristiques permettent tout autant l\u2019acquisition des relations s\u00e9mantiques. L\u2019un des avantages de r\u00e9aliser la carte lexicale heuristique au moyen de la tablette tactile est d\u2019avoir acc\u00e8s au raisonnement m\u00e9talinguistique de l\u2019\u00e9l\u00e8ve gr\u00e2ce \u00e0 l\u2019enregistrement vid\u00e9o. Pour compl\u00e9ter la carte lexicale heuristique, l\u2019\u00e9l\u00e8ve utilise l\u2019arbre de d\u00e9cisions lexicales comme rappel m\u00e9moriel des strat\u00e9gies lexicales apprises.<\/p>\n<p>Pour en savoir davantage sur les avantages et les limites des diff\u00e9rents supports pour r\u00e9aliser les cartes lexicales heuristiques, lire les articles suivants\u00a0:<\/p>\n<p>1- Lavoie, C.\u00a0(sous presse).\u00a0L\u2019effet de la tablette tactile sur l\u2019acquisition des relations s\u00e9mantiques.\u00a0Revue canadienne de linguistique appliqu\u00e9e<\/p>\n<p><a href=\"https:\/\/crl.recherche.usherbrooke.ca\/wp-content\/uploads\/2019\/02\/proceeding_published.pdf\" target=\"_blank\" rel=\"noopener\">2- Lavoie, C. et Pellerin, M. (2018).\u00a0The Effect of Tablets on the Acquisition of Semantic Relationships within the Community of Lexical Inquiry.\u00a0Dans, <em>Conference Proceedings. Innovation in Language Learning 2019<\/em> (pp. 316-320). Bologne, Italie : Filodiritto Editore.<\/a><\/p>\n<hr \/>\n<h3>Mat\u00e9riel pour les enseignantes<\/h3>\n<p><a href=\"https:\/\/crl.recherche.usherbrooke.ca\/wp-content\/uploads\/2018\/07\/Carte-lexicale-heuristique.jpg\" target=\"_blank\" rel=\"noopener\">Carte lexicale heuristique (JPG)<\/a><\/p>\n<hr \/>\n<h3>Mat\u00e9riel pour les \u00e9l\u00e8ves<\/h3>\n<p><a href=\"https:\/\/crl.recherche.usherbrooke.ca\/wp-content\/uploads\/2019\/02\/Arbre.de_.decisionV2_corrige.cc.jpg\" target=\"_blank\" rel=\"noopener\">Arbre de d\u00e9cisions lexicales (JPG)<\/a><\/p>\n<blockquote><p>&nbsp;<\/p><\/blockquote>\n<p>&nbsp;<\/p>\n","protected":false},"excerpt":{"rendered":"<p>R\u00e9alisation de la carte lexicale heuristique R\u00e9sum\u00e9 de l\u2019\u00e9tape Les \u00e9l\u00e8ves reprennent leur carte d\u2019observateur utilis\u00e9e lors de la discussion lexicale (\u00e9tape 1). Ils tentent de cat\u00e9goriser les mots not\u00e9s selon les quatre diff\u00e9rentes relations s\u00e9mantiques (mots th\u00e9matiques, mots de la m\u00eame famille, synonymes ou antonymes) sur la carte lexicale heuristique. La carte lexicale heuristique &hellip; <a href=\"https:\/\/crl.recherche.usherbrooke.ca\/index.php\/etape-4\/\" class=\"more-link\">Continuer la lecture de <span class=\"screen-reader-text\">\u00c9tape 4<\/span>  <span class=\"meta-nav\">&rarr;<\/span><\/a><\/p>\n","protected":false},"author":2,"featured_media":0,"parent":0,"menu_order":0,"comment_status":"closed","ping_status":"closed","template":"","meta":{"footnotes":""},"class_list":["post-122","page","type-page","status-publish","hentry"],"_links":{"self":[{"href":"https:\/\/crl.recherche.usherbrooke.ca\/index.php\/wp-json\/wp\/v2\/pages\/122","targetHints":{"allow":["GET"]}}],"collection":[{"href":"https:\/\/crl.recherche.usherbrooke.ca\/index.php\/wp-json\/wp\/v2\/pages"}],"about":[{"href":"https:\/\/crl.recherche.usherbrooke.ca\/index.php\/wp-json\/wp\/v2\/types\/page"}],"author":[{"embeddable":true,"href":"https:\/\/crl.recherche.usherbrooke.ca\/index.php\/wp-json\/wp\/v2\/users\/2"}],"replies":[{"embeddable":true,"href":"https:\/\/crl.recherche.usherbrooke.ca\/index.php\/wp-json\/wp\/v2\/comments?post=122"}],"version-history":[{"count":19,"href":"https:\/\/crl.recherche.usherbrooke.ca\/index.php\/wp-json\/wp\/v2\/pages\/122\/revisions"}],"predecessor-version":[{"id":277,"href":"https:\/\/crl.recherche.usherbrooke.ca\/index.php\/wp-json\/wp\/v2\/pages\/122\/revisions\/277"}],"wp:attachment":[{"href":"https:\/\/crl.recherche.usherbrooke.ca\/index.php\/wp-json\/wp\/v2\/media?parent=122"}],"curies":[{"name":"wp","href":"https:\/\/api.w.org\/{rel}","templated":true}]}}